- 159. Give j(-10).
-9
Let s(t) = t**3 + 18*t**2 + 16*t - 16. Determine s(-17).
1
Let n(c) = c - 22. Calculate n(18).
-4
Let t(v) = 2*v**3 - 8*v**2 - 16*v + 31. What is t(5)?
1
Let t(d) = 20*d + 1. Give t(1).
21
Let p(y) = -y**3 + 4*y**2 + 4*y - 6. Give p(4).
10
Let j(o) = -2*o - 35. What is j(-20)?
5
Let a(b) = 3*b - 4. Determine a(-6).
-22
Let w(v) = v**3 + 2*v**2 - v - 4. Calculate w(-3).
-10
Let w(s) = s**3 - 20*s**2 + 7*s - 116. What is w(20)?
24
Let j(d) = -d**3 + d**2 + 2*d - 18. Determine j(0).
-18
Let p(k) = k - 8. Give p(-11).
-19
Let w(l) = l**2 + 4*l + 7. Determine w(9).
124
Let g(x) = -10*x - 1. Calculate g(-3).
29
Let c(d) = 8*d**2 + 3*d + 1. Give c(-1).
6
Let j(f) = -f**3 + 5*f**2 + 2*f + 1. Determine j(5).
11
Let r(l) = 435*l + 2612. What is r(-6)?
2
Let y(o) = 4*o + 87. What is y(-18)?
15
Let j(z) = -22*z**3 - 2*z**2 + 2*z + 1. Determine j(2).
-179
Let d(h) = -h**3 - 5*h**2 - 4. Give d(-5).
-4
Let q(b) = -2*b**3 + 27*b**2 - 36*b + 1. Give q(12).
1
Let n(t) = -t**2 - 7*t - 8. What is n(-5)?
2
Let j(s) = s**3 - 7*s**2 + 11*s - 15. What is j(6)?
15
Let u(n) = -4*n**2 - 2*n + 24. Determine u(5).
-86
Let b(c) = c**3 - 2*c**2 + c - 12. Give b(4).
24
Let s(f) = f**2 - 23*f + 35. Determine s(10).
-95
Let c(o) = o + 31. Calculate c(9).
40
Let m(p) = -2*p + 4. What is m(-3)?
10
Let s(d) = 14*d**2 + 2*d + 2. What is s(-1)?
14
Let x(p) = 5*p - 34. Determine x(8).
6
Let o(u) = u**3 + 6*u**2 - 9*u + 7. Give o(-7).
21
Let m(z) = -z**3 + 3*z**2 + 6*z - 5. What is m(4)?
3
Let t(j) = -j**3 - 10*j**2 - 10*j - 9. Determine t(-6).
-93
Let d(j) = -j**2 - 26*j + 104. Calculate d(4).
-16
Let q(w) = w**3 + 25*w**2 + 2*w + 53. Give q(-25).
3
Let y(b) = -2*b**2 + 8*b. Give y(4).
0
Let f(c) = c - 20. Calculate f(13).
-7
Let g(v) = 3*v**2 + 4*v + 26. What is g(-7)?
145
Let p(m) = -m**3 + 16*m**2 - 16*m + 18. Give p(15).
3
Let b(x) = x**2 + 8*x - 20. What is b(-8)?
-20
Let a(o) = 4*o**2 + 43*o + 122. Calculate a(-5).
7
Let s(c) = 2*c - 6. Give s(7).
8
Let w(z) = -z**3 - 11*z**2 - 34*z - 25. What is w(-6)?
-1
Let t(r) = -5*r + 10. What is t(2)?
0
Let n(m) = -19*m + 455. Calculate n(24).
-1
Let n(l) = l**2 + 9*l - 3. Calculate n(-12).
33
Let r(t) = t**3 + 8*t**2 - 3*t + 40. Give r(-9).
-14
Let c(o) = -o**3 - 4*o**2 + 5*o + 7. Determine c(-5).
7
Let s(k) = 2*k**3 + 2*k**2 + 4*k + 7. What is s(-2)?
-9
Let o(n) = n**3 + 12*n**2 + n - 17. What is o(-12)?
-29
Let b(q) = q**2 - 11*q + 12. What is b(10)?
2
Let b(p) = -8*p - 87. Determine b(-23).
97
Let i(l) = 10*l - 104. What is i(14)?
36
Let p(j) = 8*j - 18. Determine p(1).
-10
Let i(j) = j**3 + 15*j**2 + 23*j + 5. Calculate i(-13).
44
Let l(r) = 2*r + 34. Calculate l(-21).
-8
Let o(u) = u**3 + 31*u**2 + 2*u + 56. Calculate o(-31).
-6
Let r(c) = -3*c + 35. Calculate r(14).
-7
Let i(n) = -n**2 - 16*n + 165. Determine i(7).
4
Let q(f) = f**3 - 6*f**2 - 10*f + 16. Determine q(7).
-5
Let p(b) = -b + 22. Determine p(-12).
34
Let x(a) = 4*a - 65. Give x(21).
19
Let w(p) = -2*p**3 + 12*p**2 - 12*p + 12. Calculate w(5).
2
Let q(c) = c**2 + 16*c + 14. What is q(-13)?
-25
Let u(q) = q**3 + 21*q**2 + 26*q + 120. Give u(-20).
0
Let k(b) = 3*b + 2. Determine k(-1).
-1
Let u(v) = 45*v + 31. Calculate u(-2).
-59
Let t(y) = -38*y - 2. Give t(-1).
36
Let a(n) = n**3 - 6*n**2 - 4*n - 8. Calculate a(7).
13
Let l(m) = m**2 + 14*m + 31. Calculate l(-9).
-14
Let r(v) = 21*v - 39. Give r(2).
3
Let o(k) = -k**3 - 3*k**2 + 6*k + 1. Give o(-4).
-7
Let l(p) = -p**2 + 2. Give l(3).
-7
Let i(a) = 10*a**3 + 2*a**2 + 11*a + 9. Determine i(-1).
-10
Let a(p) = 18*p**2 + 27*p - 28. Calculate a(1).
17
Let w(y) = -7*y + 223. Give w(31).
6
Let b(k) = -5*k**2 + 2*k - 11. Determine b(3).
-50
Let h(c) = c + 23. What is h(-13)?
10
Let u(z) = -3*z**3 - 7*z**2 + 4*z - 2. Calculate u(-3).
4
Let s(a) = 3*a**3 - a**2 + 4*a - 2. Calculate s(1).
4
Let a(h) = h**3 + 5*h**2 + 5*h + 35. Determine a(-5).
10
Let y(m) = -2*m - 4. Calculate y(-5).
6
Let f(w) = 2*w + 21. What is f(-7)?
7
Let k(x) = 8*x - 167. Determine k(21).
1
Let r(c) = -c**2 + 12*c + 7. What is r(13)?
-6
Let s(a) = a**2 - 4*a + 3. Determine s(2).
-1
Let t(m) = -2*m**2 + 13*m - 9. What is t(7)?
-16
Let m(n) = -5*n - 263. Give m(-54).
7
Let s(n) = -n**2 - 24*n + 33. Determine s(-25).
8
Let o(z) = z**2 - 2*z - 10. Calculate o(3).
-7
Let k(l) = -5*l + 101. Determine k(21).
-4
Let q(x) = -2*x**2 - 4*x - 4. What is q(-1)?
-2
Let m(f) = -f**3 - 17*f**2 + 18*f. Calculate m(-18).
0
Let p(t) = 44*t - 145. Calculate p(3).
-13
Let k(f) = 104*f + 409. Give k(-4).
-7
Let b(t) = -14*t - 46. What is b(-3)?
-4
Let a(j) = -4*j - 57. Determine a(-19).
19
Let q(y) = y**2 + 4*y - 107. Calculate q(-13).
10
Let b(v) = -46*v - 258. Calculate b(-6).
18
Let v(n) = n**3 - 6*n**2 + 6*n + 4. Calculate v(5).
9
Let n(f) = f**3 - 15*f**2 + 18. Calculate n(15).
18
Let l(w) = w**3 - 9*w**2 + 10*w + 5. What is l(8)?
21
Let h(a) = -2*a**2 - 6*a + 4. What is h(0)?
4
Let l(i) = -i**3 + 12*i**2 - 10*i - 20. What is l(11)?
-9
Let r(b) = -7*b**3 - 2*b**2. Give r(-2).
48
Let u(m) = m**3 - 19*m**2 + 18*m - 2. Determine u(18).
-2
Let v(w) = 4*w + 17. What is v(-12)?
-31
Let h(s) = 31*s**2 - 249*s + 14. Calculate h(8).
6
Let p(i) = -i**3 - 81*i**2 + 94*i + 988. What is p(-82)?
4
Let x(f) = 3*f - 2. Determine x(-11).
-35
Let w(b) = b**3 - 15*b**2 + 12*b + 19. Calculate w(14).
-9
Let c(l) = -l**3 - 2*l**2 - 3*l + 4. What is c(-4)?
48
Let u(d) = -d**3 + 8*d**2 - 14*d + 11. What is u(6)?
-1
Let j(h) = h**2 + 32*h + 179. Give j(-25).
4
Let p(k) = k**3 + 13*k**2 - 28*k + 11. Give p(-15).
-19
Let v(p) = p**2 + 18*p + 48. What is v(-12)?
-24
Let x(w) = 2*w**2 - 42*w + 2. Give x(21).
2
Let b(c) = c + 8. Calculate b(17).
25
Let s(r) = r**3 - 14*r**2 - 18*r + 41. Determine s(15).
-4
Let i(n) = n**3 - 18*n**2 + 18*n - 11. What is i(17)?
6
Let f(t) = t**2 - t - 31. Calculate f(-6).
11
Let k(t) = -2*t - 20. Give k(-11).
2
Let k(t) = -52*t + 5. What is k(-1)?
57
Let k(q) = -28*q - 279. What is k(-10)?
1
Let u(h) = -4*h + 3. Give u(-5).
23
Let y(n) = 14*n + 7. Determine y(5).
77
Let i(o) = -o**2 - 10*o - 7. Calculate i(-9).
2
Let o(m) = m**3 - 19*m**2 - 44*m + 19. Determine o(21).
-23
Let o(i) = -3*i**2 + 11*i + 6. What is o(5)?
-14
Let z(m) = -11*m - 3. Calculate z(5).
-58
Let c(h) = 2*h**2 - 22*h - 28. What is c(12)?
-4
Let y(x) = -x**2 - 10*x - 29. What is y(-4)?
-5
Let j(a) = 16*a - 245. Give j(15).
-5
Let u(s) = s**2 - s - 21. What is u(0)?
-21
Let i(h) = 42*h - 2. Give i(1).
40
Let x(b) = -2*b**2 - 19*b - 38. What is x(-6)?
4
Let g(c) = -c**2 - 15*c + 5. Determine g(-9).
59
Let b(p) = -p**2 + 9*p - 5. Give b(7).
9
Let w(q) = 12*q**2 - 129*q - 32. Calculate w(11).
1
Let o(i) = -i**3 - i**2 + 17*i + 3. What is o(-5)?
18
Let t(z) = z - 15. Calculate t(6).
-9
Let v(x) = -8*x + 24. Give v(3).
0
Let r(a) = -a**3 - 12*a**2 + 3. Determine r(-12).
3
Let o(w) = -w**3 + 4*w**2 + 7*w + 2. Give o(6).
-28
Let d(k) = -k**2 - k - 23. Determine d(0).
-23
Let n(q) = -19*q + 2. What is n(0)?
2
Let p(q) = -q**2 + 10*q + 29. What is p(12)?
5
Let y(g) = -3*g**3 + 12*g**2 + 4*g - 10. Calculate y(4).
6
Let r(h) = 5*h + 8. What is r(-7)?
-27
Let b(k) = -4*k + 16. Determine b(4).
0
Let p(w) = w**3 - 9*w**2 - 11*w + 11. Give p(10).
1
Let s(g) = -g**3 - 22*g**2 + 24*g + 31. Give s(-23).
8
Let n(h) = -2*h**2 + 4*h - 2. Determine n(4).
-18
Let s(o) = -o**3 + 10*o**2 + 2*o - 5. Calculate s(10).
15
Let s(f) = -f**3 - 12*f**2 + f + 17. Calculate s(-12).
5
Let g(w) = 26*w**3 - 2*w**2 + 1. Calculate g(1).
25
Let d(s) = s**2 + 10*s - 14. Calculate d(-11).
-3
Let x(j) = -2*j - 1. Give x(13).
-27
Let b(n) = -2*n**3 + 7*n**2 - 15*n + 30. Give b(3).
-6
Let d(v) = -v**3 - 18*v**2 - 2*v + 7. Determine d(-18).
43
Let t(a) = -8*a + 2. Give t(5).
-38
Let n(d) = -d**2 + 12*d - 41. Determine n(5).
-6
Let k(a) = -33*a + 9. Determine k(-2).
75
Let d(n) = -2*n**3 + 4*n**2 - 4*n. Determine d(4).
-80
Let p(c) = c**2 - 4*c + 2. Give p(6).
14
Let o(s) = -53*s - 205. Calculate o(-4).
7
Let v(c) = 2*c**2 - 15*c - 24. Determine v(9).
3
Let p(k) = -2*k**2 + 10*k + 10. Calculate p(-1).
-2
Let w(b) = b**2 - 9*b + 11. What is w(9)?
11
Let w(j) = 17*j - 212. Give w(12).
-8
Let w(q) = 6*q**3 - 2*q**2 + 5*q + 3. What is w(-2)?
-63
Let y(j) = -j**2 + 15*j - 17. Calculate y(14).
-3
Let f(z) = z**3 + 6*z**2 + 8. G